alculate -212 + 208 - (10 + 0).
-14
Calculate (25 - -12 - 6) + -16.
15
What is 19 - (-24 + (28 - -10))?
5
-13 + 4 + -17 + -11 + 1
-36
(-1 - -1 - -2) + (664 - 677)
-11
What is (-6 - (9 - -5)) + 24?
4
9 + (5 - -4 - 13 - 0)
5
-5 + 4 - -11 - (34 + -7)
-17
What is 2 + -1 + 0 - (62 + -90 + 15)?
14
What is 2 + 3 + 1 - (44 - 35)?
-3
Calculate -22 + -1 - (-54 - -23 - -26).
-18
What is the value of 20 + (3 - (10 - (-5 + 9)))?
17
What is 0 - (-4 + 3 + 30 - 10)?
-19
What is the value of -1 + -9 - (-6 - (10 + 2) - -11)?
-3
6 + 0 - (-51 - -62)
-5
-4 - (2 - -7 - (13 - 8))
-8
What is the value of -5 - (-6 + 1 - -15 - 9)?
-6
Calculate -2 + -21 + -27 + 43.
-7
What is the value of 6 + (47 - 21) + -48?
-16
Calculate (-1 + 1 - 3) + 0 + -6 + 34.
25
Evaluate 18 - (1 - 3) - (3 + -4 + 3).
18
Evaluate (22 + -41 - 8) + 38.
11
(13 - -2) + (21 - (-9 + 20))
25
Calculate (-50 - -62) + (-1 - -4 - (9 + -1)).
7
What is (0 - 10) + (-1 - (20 + -11 - 25))?
5
-1 - 12 - (-5 - (20 - 23))
-11
-2 - (10 - (-9 + 10 + -7 + 5))
-13
(-11 - -18) + 11 - 7
11
Evaluate 2 - (-18 + (-3 - -12) - -1).
10
What is the value of 28 + (0 + -5 + -21 - -14)?
16
-13 + 0 - (-10 + 11)
-14
Calculate 9 + (1 - 2) - (-295 + 305).
-2
What is the value of 9 - (6 - -2) - (2 - -13)?
-14
Calculate -3 + 22 + 9 + -19.
9
What is (1 + -1 - (-8 - -12)) + (-4 - -18)?
10
Evaluate -6 - 1 - (-325 + 315).
3
What is 5 - (7 + -2 + -8)?
8
Evaluate (5 - 2 - 8) + (-25 - -13).
-17
What is the value of -5 + 8 + (9 - 28) - 3?
-19
What is the value of (-1 - -2) + -18 - (628 + -644)?
-1
Calculate 4 + (-3 - -6) + (-5 - -20) + -8.
14
(21 + -2 - 18) + 12
13
What is the value of 20 + (-13 - 2) - -3?
8
Calculate -5 + -18 + (9 - -24).
10
Evaluate (7 + -2 - 3 - (-2 - -3)) + 0.
1
(-21 - -6) + 3 + 34
22
Evaluate (144 - 135) + (-1 + 1 - 4).
5
What is the value of -5 + -4 + (-5 - -17) + 15?
18
Evaluate -1 + (7 - (6 - 6) - 9).
-3
What is 5 - -1 - (-2 + (12 + -7 - -1))?
2
Calculate 3 - -17 - (92 - 68).
-4
What is the value of (-2 - 1) + -6 + (-4 - -6) + 6?
-1
What is the value of 5 - (-106 - -95 - (-1 - 18))?
-3
Calculate (0 - 0) + -91 + 120.
29
-37 - -18 - (3 + -18)
-4
7 + (-1 - (8 + -9 + 0 + 1))
6
What is the value of 12 + 16 + (-10 - ((3 - 1) + -4))?
20
Calculate (38 - 15 - 27) + (1 - 7).
-10
Evaluate -11 + (1 - -2) + (15 - -8).
15
(2 + 16 - (10 - 10)) + -10
8
Evaluate 4 + -11 + 5 + (-4 - (-8 + -9)).
11
Calculate (-1 - (-6 + 17 + -7)) + -4 + 7.
-2
What is -1 + 3 + -7 + 9 - -1?
5
What is the value of 1 - -3 - 9 - (9 + 11 + -12)?
-13
What is -18 - -2 - (-26 + 18) - -3 - 4?
-9
What is the value of -3 + (0 - 0) + -5 + (-44 - -47)?
-5
Evaluate -3 - (-1 + 7) - 7.
-16
Calculate -94 + 106 + -31 + 3.
-16
What is 6 - (12 + -9 + 1)?
2
Calculate (2 - 8) + -3 + 7 + 13.
11
What is the value of (10 - 17) + 0 - (5 + -28)?
16
What is (-2 - 23 - -71) + -34?
12
Evaluate -28 - (25 + -52 + 0).
-1
(-13 - -12) + 16 - 4
11
Evaluate 1 - (0 + 9 - (-15 - -15)).
-8
What is (9 - 2) + -54 - 8 - -19?
-36
What is -7 + 14 + -5 + (-2 - 6)?
-6
What is the value of -12 + 3 - (9 + 8) - (-7 + 4)?
-23
What is (4 - 2 - -6) + -18 + -1?
-11
What is -4 + (7 - 9) + (-10 - (3 + -1))?
-18
Calculate -9 + 11 + -4 + -2 + (-1 - -2).
-3
Calculate -20 - (5 + -12 + -4).
-9
What is (-24 - 5 - -6) + 13?
-10
What is the value of (-1 - -11) + (399 - 412)?
-3
Evaluate 17 + -28 + -23 - -28.
-6
Evaluate 5 + -9 - -6 - (0 - -28).
-26
Evaluate (43 + -6 - 38) + (21 - 1).
19
What is the value of 0 + 0 - -2 - (83 + -75)?
-6
10 - 6 - (-37 - (5 - 8)) - 11
27
What is 2 - (-9 + 13 + (3 - 3 - 4))?
2
Evaluate 22 + -10 + 3 + -30.
-15
Evaluate 0 + 4 + -9 + -10 + 25.
10
Evaluate -8 + -2 + 3 + 5 - -6.
4
Calculate 0 - ((49 - 40) + 17).
-26
Calculate (-464 - -477) + (-13 - -1).
1
12 + 4 + 1 + (-16 - -15)
16
7 - (29 + -30) - -9
17
Calculate -9 - -14 - (4 - (1 + (-2 - -3))).
3
Calculate (-7 - -8 - 9) + -9.
-17
What is (-8 - (6 + 0)) + 13?
-1
What is the value of -2 + -6 + 5 - 8?
-11
Calculate 6 + 4 + -5 + 9.
14
What is 3 + 3 + 4 + (11 - -6)?
27
What is 32 + -26 + (1 - -4)?
11
Calculate (10 - -17) + -40 - -9.
-4
0 + -16 - (135 - 139)
-12
2 + -4 + 6 + 6 + -6 - 0
4
Calculate -8 - (22 + -37 + 1 + 8).
-2
What is the value of 1 + -12 - (-101 + 91)?
-1
-6 - (6 + (4 - 11)) - 4 - -25
16
Calculate -11 - (9 + -1 - (5 - (13 - 27))).
0
Calculate -10 + 7 + 1 + 7.
5
26 - (9 - 0) - 27
-10
Evaluate (19 + -23 - (-2 + 5)) + 2.
-5
What is the value of -34 + (-1 - -23) - (1 - 7)?
-6
Evaluate (42 - 40) + (2 - 4).
0
What is the value of 11 + (-20 + 15 + -3 - -14)?
17
What is the value of (-41 - (15 + -43)) + -10?
-23
Calculate -15 + 24 + (4 - (-7 - -21)).
-1
What is 10 + (0 - -2) - (38 + -61 - -14)?
21
Evaluate -1 + -1 + -7 - (-7 + 9 - 2).
-9
What is 2 + (-7 + -5 + 14 - -1)?
5
-12 + 5 + -8 + 26
11
What is -15 - ((1 - 4) + -10)?
-2
Calculate -1 + (10 - 7) + -7 + 14.
9
What is -9 + 39 - 16 - -28 - 15?
27
What is -14 - ((33 - 26) + (2 - 1))?
-22
Evaluate 12 - 20 - (-20 + 5) - 16 - -20.
11
What is the value of -8 + (11 - (-12 - -11))?
4
Calculate 7 + (-7 - (-1 + -1)) + 10.
12
-7 + -3 - 3 - -11
-2
Calculate -18 + 32 + -19 + -15.
-20
Calculate 11 - (-54 + 8 + 48).
9
Evaluate 3 - -19 - (5 + 45).
-28
(-7 - -2) + -3 - (-5 + -4)
1
Evaluate (3 - (-3 + 3 + 2)) + -59 + 51.
-7
What is (-79 - -90) + -2 + (-2 - -1) + 1?
9
Evaluate (12 - 34 - -20) + 24.
22
Calculate 5 + 2 + 0 - (8 + -2).
1
What is the value of 11 + (1 - 12 - (65 - 62))?
-3
Calculate 12 - (7 - -3) - 12.
-10
What is (0 - (9 + -10)) + 14 - -1 - 0?
16
16 - (2 + -14) - 7
21
What is the value of 1 + -14 + -10 + (48 - 24)?
1
Evaluate 31 + 8 + -7 - 15.
17
What is the value of (4 - (3 - 3)) + -5 + 15 - 3?
11
Calculate -7 + (-16 - (-14 + 25) - (0 + 2)).
-36
What is the value of (-1 - -23) + -11 - (4 + 1)?
6
0 - -7 - (-320 + 330)
-3
Calculate (-97 - -99 - (6 - 1)) + 0 + 16.
13
Calculate 69 - 61 - (1 + (2 - -1)).
4
What is the value of (17 - (-5 - (-3 + -8))) + (-2 - 1)?
8
What is the value of (12 - 2) + 0 + -5 + -6 + 11?
10
What is 31 - 23 - (-2 + -1)?
11
What is 6 + (4 - -6 - 15) + (1 - -10)?
12
What is the value of 12 + (-10 - 9) - -19?
12
Evaluate -12 + 30 + (-4 - 19).
-5
Evaluate (-54 + 6 - -14) + 11 - (0 - -10).
-33
Calculate 13 - (39 + -23 + -19).
16
Calculate -1 + -25 + -10 + 25.
-11
5 - (-7 + (-7 - (-7 + -3) - -10))
-1
What is the value of -2 + 12 - (9 - 5 - -12 - 10)?
4
Evaluate (6 - 4 - -5) + 9.
16
What is -88 + 67 + -11 + 13?
-19
Evaluate 20 + 2 + 6 + -3.
25
What is -2 + (8 - -2 - (0 - (7 - 14)))?
1
What is -2 + 0 - 4 - -14?
8
What is 61 + -65 + (2 - -12)?
10
Calculate -21 + 0 - (-16 + -11).
6
Evaluate (17 - 5) + (20 - 20) + 14.
26
Calculate 3 - (-67 + 64 + 0 + 1 + 1).
4
(-2 + -9 + 7 - -15) + -7
4
Calculate 1 + (1 + (0 - 5) - (-5 - 2)).
4
Calculate 2 + 1 + (-26 - (-30 - -4)).
3
What is (-23 - -30) + (-40 + 0 - -1) - -12?
-20
Calculate 15 + (-10 - -3) + -29 + (2 - -2).
-17
What is (1 + -6 + -8 - (17 + -18)) + 9?
-3
Calculate -5 + 10 + -11 + (30 + -12 - 9).
3
What is the value of -180 + 192 + (-2 - -1)?
11
What is 11 + -5 + (6 - 17) - (1 - 16)?
10
Evaluate -2183 + 2190 - (-3 - (0 + 1)).
11
(12 - (0 - 2)) + -3 + -1 + 0
10
What is 5 + -19 + (-32 - -36)?
-10
What is 5 + 85 + -103 + 38 + -1?
24
-19 + 10 - (12 - 9)
-12
Evaluate -19 + 10 - -13 - (13 + (-4 - -2)).
-7
What is the value of 7 + -3 + 11 + (-6 - 1)?
8
(-3 - (-12 + 21)) + 27
15
(-3 + -7 + 18 - 11) + 2
-1
What is the value of -3 + 1 + -3 + 19 + 2 + -9?
7
What is -10 + (54 + -56 - (4 + 1)) - 4?
-21
What is 1 - (-19 - -20 - 1) - (0 - 1)?
2
Calculate 0 + 15 + -40 - (8 - 1 - 1).
-31
What is 17 + (33 - 6) + -22?
22
What is (32 - -3) + -17 - (27 + 2)?
-11
What is 0 + 6 + (-41 - -77) + -40?
2
What is the value of (1 + -3 - (-52 + 36)) + -41?
-27
What is the value of -20 - (-16 + (26 - 15))?
-15
19 - (7 - 7 - -14)
5
Calculate -1 - (6 - -3 - (-12 + 23)).
1
What is (4 - 2) + 0 + (4 - 16 - -2)?
-8
What is the value of -12 + 8 + -2 - 5?
-11
Evaluate 9 - (-33 - -42 - (15 + -8)).
7
-19 + 6 + (-3 - (-10 + 11))
-17
What is the value of 6 - (-30 - -23 - (-22 + 2 + -1))?
-8
What is 25 + -3 + (17 - 24 - -4)?
19
What is (23 - 22 - -12) + -15?
-2
What is -7 + 1 + -8 + 4?
-10
What is -6 - (-35 + (-48 - -42))?
35
What is -21 + 17 + (-53 - -35)?
-22
Calculate (6 + -1 + -4 - 33) + 10.
-22
What is the value of 6 + -12 - -9 - 9 - (0 - -5)?
-11
What is 10 + (2 - 13 - 